or of 1602654420?
True
Is 1828 a factor of 629189774?
False
Is 67 a factor of 1689904485?
True
Is 1766020314 a multiple of 2960?
False
Does 20 divide 60786700?
True
Is 15 a factor of 359736345?
True
Is 96320784 a multiple of 1068?
True
Is 2968871 a multiple of 2?
False
Does 2896 divide 2319768400?
True
Is 571 a factor of 51857649?
True
Is 149 a factor of 1125529163?
True
Does 394 divide 33108214?
True
Is 76506732 a multiple of 18?
True
Is 11 a factor of 3632335531?
True
Does 759 divide 24190562?
False
Is 30701226 a multiple of 2451?
True
Does 807 divide 103229826?
True
Is 3477297553 a multiple of 148?
False
Does 84 divide 37251060?
True
Does 65 divide 593888913?
False
Is 18392555 a multiple of 2567?
True
Does 84 divide 26126352?
True
Does 16 divide 327375712?
True
Does 156 divide 149006988?
True
Is 547745071 a multiple of 17?
False
Does 198 divide 186643987?
False
Does 74 divide 322137318?
True
Is 1111 a factor of 363894718?
True
Is 196458304 a multiple of 8?
True
Is 1412498672 a multiple of 831?
False
Is 49069428 a multiple of 12?
True
Does 18 divide 18916738?
False
Is 77380836 a multiple of 403?
True
Is 587 a factor of 1771572481?
False
Does 95 divide 14655470?
False
Does 150 divide 9774300?
True
Is 3 a factor of 65058414?
True
Is 505041656 a multiple of 14?
True
Does 82 divide 1633493?
False
Does 144 divide 107934480?
True
Is 229 a factor of 6350744?
False
Is 428 a factor of 33212372?
True
Does 5 divide 3026786?
False
Is 2 a factor of 7612192?
True
Is 141 a factor of 1795217358?
True
Is 35224224 a multiple of 1184?
False
Is 75 a factor of 138826538?
False
Is 661613309 a multiple of 162?
False
Is 744153139 a multiple of 661?
True
Is 986 a factor of 818560438?
True
Does 433 divide 1576209146?
False
Is 187658044 a multiple of 3?
False
Does 73 divide 9512250?
False
Is 2756112 a multiple of 134?
True
Is 1316072385 a multiple of 8?
False
Is 376810164 a multiple of 1847?
True
Is 45036822 a multiple of 6?
True
Is 49 a factor of 27960269?
False
Is 125 a factor of 81779664?
False
Does 2095 divide 438255145?
True
Is 59 a factor of 408079421?
False
Is 35783100 a multiple of 150?
True
Does 98 divide 48260786?
True
Is 64642621 a multiple of 1397?
False
Is 79742034 a multiple of 396?
False
Is 435 a factor of 63558468?
False
Does 2194 divide 4430701822?
True
Is 1136 a factor of 3416436982?
False
Is 61 a factor of 573136419?
True
Is 424 a factor of 8406648?
True
Is 129 a factor of 138303738?
True
Does 187 divide 77866426?
True
Does 5 divide 7067399?
False
Is 3315674802 a multiple of 46?
True
Is 28 a factor of 1113744100?
True
Does 4 divide 46590?
False
Is 2 a factor of 17373091?
False
Does 92 divide 23267149?
False
Is 3 a factor of 27306088?
False
Is 645 a factor of 47034690?
True
Is 12 a factor of 38173951?
False
Is 241 a factor of 36300384?
True
Is 2751 a factor of 1394650?
False
Is 32213626 a multiple of 113?
False
Is 274084846 a multiple of 5930?
False
Is 542358 even?
True
Is 22 a factor of 62462312?
True
Is 1298 a factor of 75024709?
False
Does 3577 divide 844890977?
True
Is 670107372 a multiple of 33?
True
Is 143398037 a multiple of 14?
False
Is 129568453 a multiple of 61?
True
Is 229258048 a multiple of 8?
True
Does 5 divide 549445242?
False
Is 36551349 a multiple of 8?
False
Is 12 a factor of 201797448?
True
Is 1568 a factor of 557381664?
True
Does 26 divide 178511295?
False
Does 4079 divide 4609974750?
False
Is 114949530 a multiple of 30?
True
Is 775067874 a multiple of 114?
True
Does 682 divide 19422612?
False
Is 27924091 a multiple of 42?
False
Does 152 divide 17300944?
True
Does 20 divide 48565160?
True
Does 11 divide 1517683805?
True
Is 2306669429 a multiple of 110?
False
Is 31819531 a multiple of 114?
False
Is 5680046354 a multiple of 245?
False
Is 135372924 a multiple of 36?
True
Does 1017 divide 27303399?
True
Is 408265267 a multiple of 3?
False
Is 548108086 a multiple of 3286?
True
Is 81 a factor of 4285928741?
False
Is 7 a factor of 51119690?
False
Does 40 divide 1900664353?
False
Is 293 a factor of 328626438?
False
Does 2701 divide 203127601?
False
Does 610 divide 137311088?
False
Is 182 a factor of 26603354?
False
Is 40 a factor of 6360895?
False
Is 109 a factor of 4962443?
True
Does 423 divide 6960042?
True
Is 395 a factor of 283822510?
True
Is 269 a factor of 22498983?
False
Is 76706375 a multiple of 299?
False
Is 8362876 a multiple of 45?
False
Is 111 a factor of 1957041?
True
Is 4219 a factor of 204562434?
True
Does 56 divide 165737502?
False
Is 405341801 a multiple of 8?
False
Is 159 a factor of 765109259?
False
Is 191423512 a multiple of 56?
True
Is 540 a factor of 1290360240?
True
Does 76 divide 2463464?
True
Is 1322 a factor of 25804118?
True
Is 56 a factor of 38461304?
True
Is 17 a factor of 3981718?
False
Does 14 divide 1276489606?
True
Is 14147837 a multiple of 19?
True
Is 4867677496 a multiple of 1243?
True
Is 4584004876 a multiple of 11?
True
Is 25622478 a multiple of 14?
True
Does 6856 divide 1585487211?
False
Is 43 a factor of 35075698?
False
Does 1412 divide 90640516?
True
Is 539723395 a multiple of 1445?
True
Is 184 a factor of 531944184?
True
Is 3745 a factor of 68728240?
True
Is 3 a factor of 287745784?
False
Is 1399370492 a multiple of 441?
False
Is 173 a factor of 931979199?
True
Does 32 divide 493967904?
True
Is 813504467 a multiple of 1409?
True
Does 12 divide 998624098?
False
Does 128 divide 103880699?
False
Does 21 divide 47653578?
True
Does 3432 divide 429199056?
True
Is 81 a factor of 42539581?
False
Is 17502765 a multiple of 44?
False
Is 4339870235 a multiple of 207?
False
Is 4 a factor of 14973936?
True
Does 115 divide 1308869395?
True
Does 18 divide 15428976?
False
Is 55 a factor of 24677400?
True
Is 781449240 a multiple of 1716?
True
Is 31 a factor of 100062234?
True
Is 64140914 a multiple of 234?
False
Is 10 a factor of 8449351660?
True
Does 3443 divide 244682654?
False
Does 41 divide 85081955?
False
Is 2203 a factor of 35708115?
False
Does 944 divide 1124368192?
True
Does 145 divide 34974870?
True
Is 47548710 a multiple of 66?
True
Is 211 a factor of 4479108?
True
Does 2855 divide 760831805?
True
Does 56 divide 32606840?
True
Does 17 divide 924815576?
False
Is 85 a factor of 2699855?
True
Is 69720950 a multiple of 4225?
True
Is 374105655 a multiple of 21?
True
Is 65 a factor of 149774560?
True
Is 9438455 a multiple of 65?
True
Is 87 a factor of 151407630?
False
Is 3657988091 a multiple of 703?
True
Does 92 divide 1050784716?
True
Is 74328799 a multiple of 84?
False
Is 26 a factor of 3250722?
False
Is 178 a factor of 56294458?
True
Is 23 a factor of 21206828?
True
Is 53240803 a multiple of 137?
True
Is 66956280 a multiple of 155?
True
Is 53 a factor of 5276486762?
True
Is 303 a factor of 15596080?
False
Is 1190 a factor of 2396704030?
True
Is 962 a factor of 165907482?
True
Is 56 a factor of 150764493?
False
Is 1205623 a multiple of 790?
False
Is 2842851144 a multiple of 12?
True
Does 29 divide 43539937?
False
Does 40 divide 194755753?
False
Does 138 divide 27855300?
True
Is 20 a factor of 1177907301?
False
Is 23 a factor of 4851482?
True
Does 22 divide 71086932?
False
Does 22 divide 497337618?
False
Is 10731330 a multiple of 14?
False
Does 23 divide 1199351918?
False
Is 261147383 a multiple of 1043?
True
Is 2840107334 a multiple of 4561?
True
Is 432543078 a multiple of 9266?
False
Does 218 divide 115588396?
True
Does 15 divide 32295474?
False
Is 2999 a factor of 39448846?
True
Does 64 divide 482702592?
True
Is 9 a factor of 942177020?
False
Is 7 a factor of 37193984?
False
Is 25737189 a multiple of 5?
False
Is 11856735 a multiple of 50?
False
Is 6942153 a multiple of 55?
False
Is 13538 a factor of 3544202502?
False
Is 28 a factor of 4332982?
False
Does 1543 divide 2914059700?
False
Does 268 divide 121689956?
True
Is 20933956 a multiple of 556?
True
Is 2191211 a multiple of 40?
False
Is 7002451 a multiple of 12?
False
Is 604 a factor of 288618984?
True
Is 233 a factor of 17357717?
False
Does 15 divide 94493068?
False
Is 52 a factor of 94417?
False
Does 147 divide 798210?
True
Does 875 divide 79101606?
False
Is 728883 a multiple of 499?
False
Does 1062 divide 182743650?
True
Does 110 divide 9753150?
True
Is 99 a factor of 172474052?
False
Does 245 divide 102364185?
True
Does 113 divide 151954151?
True
